(v) be the first derivative of -5*v**2 + 57*v + 2676. What is p(7)?
-13
Let a(x) = -3*x**3 - x**2 + 2*x. Let u be ((-24)/(-102))/(6/(-51)). Give a(u).
16
Let v(o) be the second derivative of -o**4/6 + o**3 - o**2 - o. Let y = -102 + 3. Let c = y + 103. Give v(c).
-10
Let p(t) = t**2 + 5 - t + 2 + 11*t - t. Let x(n) = -n**3 - 7*n**2 - 9*n - 23. Let r be x(-6). Let y(o) = o + 1. Let j(v) = r*y(v) + p(v). Determine j(-2).
-2
Let u(r) = -13*r + 4. Let d(p) = -9*p + 4. Let o(x) = -3*d(x) + 2*u(x). Suppose -2*w + 22 + 2 = 2*v, -3*w - 4*v = -37. Give o(w).
7
Let o(a) = -3*a**2 + 2*a + 1 + 2*a**2 + 3*a. Suppose 439 + 1071 = 5*q - 5*n, 2*q - 607 = -n. Suppose -8*i = 279 - q. What is o(i)?
7
Let a(l) be the third derivative of -7*l**4/24 - l**3/2 - 2980*l**2. What is a(-3)?
18
Let l(f) = 4*f - 1. Let o(k) = 1. Let b(p) = 17*p - 6. Let i(j) = b(j) + 3*o(j). Let u(h) = -6*i(h) + 26*l(h). Determine u(8).
8
Suppose 4*f = v + 16 - 11, -3 = -3*f. Let s(n) = -5*n**3 - 4*n**2 - 3*n - 4. Let m(t) = 5*t**3 + 3*t**2 + 2*t + 3. Let h(l) = -4*m(l) - 3*s(l). Calculate h(v).
4
Let q(p) be the first derivative of -5*p**3/3 + p + 1. Let d = 83 + -13. Suppose 85*s = d*s + 15. Calculate q(s).
-4
Suppose 0 = -2*h + 10, 0 = 3*a + 2*a - 4*h - 5. Let k(q) = -93*q + 8. Let z(w) = -122*w + 10. Let x(v) = 21*k(v) - 16*z(v). Give x(a).
3
Let x(u) be the first derivative of 2*u**2 + 3*u - 403. Give x(4).
19
Let m(v) = 0*v**2 - 13*v + 19*v - 3*v**2 + 2*v**2 - 4. Suppose 2*d - 4*p = -d - 31, -3*p = 2*d - 2. Let l = d - -11. Give m(l).
-4
Let z(l) = -5*l + 4*l**2 + 8 - l**2 - 4*l**2. Let o be z(-6). Let h(y) = 20*y**2 - 12*y**o - 17*y**2. Give h(1).
-9
Let x = -314 - -311. Let n(y) be the third derivative of -y**6/60 - y**5/20 - y**4/24 + y**3/6 - 26*y**2. Give n(x).
31
Let t(q) = -3*q**3 - 4*q**2 + 22*q + 23. Let n(z) = 13*z**3 + 13*z**2 - 89*z - 92. Let d(c) = 2*n(c) + 9*t(c). Give d(-11).
-76
Let r(b) = -2*b - 2. Let t(p) = p + 1. Let a(y) = -5*r(y) - 15*t(y). Let i(w) = -w - 2. Let c(z) = 2*a(z) - 6*i(z). What is c(2)?
-6
Let a be -16 + 19 + 55 + -1. Let d(q) = 118*q - 56*q - a*q + 1. Suppose -5*k + 9 = z, 4*k = -k + 10. Calculate d(z).
-4
Let z(w) = -w**2 + 5 + 1477*w - 495*w - 486*w - 491*w. Suppose 2*i - 12 = 3*i. Let m be i*2/(-4*1). Determine z(m).
-1
Let l(n) = n**3 + 4*n**2 + 3*n. Let p(r) = 7*r + 27. Let h be p(-8). Let m = h - -37. Let c(t) = -2*t + 13. Let f be c(m). Determine l(f).
0
Let x(v) = v**2 + 5*v - 5. Let m = 11 + -17. Let l = m - -6. Suppose 2*h = -j - 16, -3*h - 3*j = -l*j + 30. Calculate x(h).
1
Let t(j) be the third derivative of -j**5/60 + j**4/4 - j**3/6 + 13231*j**2. What is t(7)?
-8
Suppose 3527 = -12*j - 1933. Let c = j - -458. Let m(u) be the first derivative of u**4/4 - 2*u**3/3 - 3*u**2/2 - 3*u + 1. Give m(c).
-3
Let x(l) = 3*l**3 + 2*l**2 + l - 2. Let s(i) = -2*i**3 + 4*i**2 + 17*i + 63. Let m(a) = -s(a) - x(a). Calculate m(-5).
4
Let l be 34/85 - (-2 - (-36)/(-10)). Suppose l = 5*c - 4. Let q be (-5)/c*64/80. Let g(r) = 5*r**2 + r - 1. Determine g(q).
17
Let q = 426 - 363. Let t(h) = 66 - h**3 - q + 16*h - 12*h. What is t(-2)?
3
Let c = 504 + -502. Suppose j = -3*j + 8. Let k(v) = 472 + v - 473 + v**c + 0*v + 6*v**j. Determine k(1).
7
Let s(m) = -29*m - 139. Let r(v) = 395*v + 2760. Let h be r(-7). Determine s(h).
6
Let i(h) = 2*h - 10. Let y(d) = 6*d - 29. Let b(j) = -11*i(j) + 4*y(j). Let n = 1379 + -871. Suppose 4*x + 492 = n. Determine b(x).
2
Let y be 66/6 + (1/(-1) - 0). Let i(n) = -28 + 20 - 3*n**2 + 3*n**2 + 3*n + y + 2*n**2. Give i(-2).
4
Let q be ((-495)/(-36))/5 - (-2)/8. Let i(z) = 163*z**q - 316*z**3 + 6*z**2 + 1 - 7*z + 152*z**3. Give i(5).
-9
Let m(h) = 5*h + 25*h + h**3 + 11*h - 2 - 45*h - 4*h**2. Suppose -7*u + 25 = -2*u. Give m(u).
3
Let g(f) = -f**2 + 10*f + 6. Let i = -522 - -544. Let p(k) = 4*k - 78. Let c be p(i). Give g(c).
6
Let z(h) = -h**3 + 16*h**2 + h - 20. Suppose 2*d = 3*r + 185, 3*r + 467 = -0*d + 5*d. Suppose -d + 14 = -5*v. Give z(v).
-4
Suppose -4*w + 94 = 86. Let l(g) = -g**w - 7*g - 11*g**3 + 12*g**3 + 4*g**2 + 2*g. What is l(-4)?
4
Let n(g) = 546*g - 549*g + 2*g**2 - 2*g**3 + g**2 - g**2 + 4. Give n(3).
-41
Let j(c) be the first derivative of -3 + 7/2*c**2 + 6*c + 1/3*c**3. Suppose -119*d + 117*d - 10 = 0. What is j(d)?
-4
Let b(c) be the third derivative of 17*c**4/8 + 247*c**3/6 + 15*c**2 - 5. Let p be b(-5). Let w(d) = d**3 + 8*d**2 + 4*d + 9. Give w(p).
-23
Let s be (-5)/10*14 - -7. Let w be (-40)/(-12) + 4/6. Let z = w - s. Let m(g) = -g**3 + 5*g**2 - 3*g + 3. Calculate m(z).
7
Let c(i) = -36*i + 479. Let h be c(13). Let f(j) = -10*j**2 - 61 - 70 - 7*j + 136 + j**3. Determine f(h).
49
Let z be (-31 - -21 - -4)*(-10)/12. Let w(p) = 2*p**2 - 6*p - 26. What is w(z)?
-6
Let w(c) = -3*c - 25. Suppose -4*m - 9 = -i, -5*m - 18 = 3*i + 23. Let v be w(i). Let u(r) = r - 1. Calculate u(v).
-5
Suppose 4*f + 4*s + 476 = 0, -3*f + 4*s + 173 = 551. Let j = 121 + f. Let q(b) be the first derivative of -5*b**3/3 + b - 12. Determine q(j).
-4
Suppose a = 0, -2 = 2*p + 9*a - 10*a. Let n(h) = 9*h - 1. Let v(y) = -5*y + 1. Let u(d) = -n(d) - 2*v(d). Calculate u(p).
-2
Let o(d) = -2*d - 1. Suppose 32*b = 14*b + 8280. Let z = 462 - b. Determine o(z).
-5
Let r be 20 + (-8)/(56/21). Let q(c) = -c + 17. Let a be q(r). Let p(j) be the third derivative of -j**4/24 - 2*j**3/3 + 3*j**2. Give p(a).
-4
Let c = 34 + -26. Let r(k) = k**2 - k + 7. Let d be r(c). Let a = -66 + d. Let x(q) = -q**3 - 2*q**2 + 2*q - 1. What is x(a)?
2
Let w(i) be the first derivative of -51 - 3*i**2 - 1/3*i**3 + 9*i. Calculate w(-7).
2
Let g(a) = 24*a**2 - 15*a - 32. Let d(q) = -11*q**2 + 6*q + 16. Let k(w) = 13*d(w) + 6*g(w). Determine k(9).
-11
Let u(c) = c**2 + 4*c - 2. Let w = 153 - 114. Let l = w - 97. Let r = 52 + l. Determine u(r).
10
Let l(z) = 3*z**2 + z. Let y be l(2). Let i(d) = -2*d + 531. Let s(v) = -v + 293. Let p(c) = -5*i(c) + 9*s(c). Calculate p(y).
-4
Let z(r) = r**2 + 7*r + 1. Suppose 9*d - 4*d = 4*a + 358, 0 = -3*d + 4*a + 210. Let i be d/(-2)*((-18)/6 + 2). Suppose 48 = i*f - 43*f. Calculate z(f).
9
Let d(j) = -j**2 + 6*j - 8. Let z = -59 + 87. Suppose -3*a = 4*v - 34, -3*a = -7*a - v + z. Give d(a).
-8
Suppose -2*t + 10 = 0, 363 - 346 = 3*f + t. Let v(r) be the third derivative of 1/3*r**3 - 37*r**2 + 0*r + 1/24*r**f + 0 - 1/60*r**5. What is v(2)?
0
Let s(d) = 2545*d - 2544*d + 2 - 4 - 2*d**2 + d**3 - 4 + 5*d**2. Give s(0).
-6
Let x(m) = -m + 5. Suppose 2*a - 2*n - 190 = 0, 4*n = -0*n - 20. Let g = -54 + a. Suppose 11*c - 8 = g. What is x(c)?
1
Let w(l) = l**2 + 20*l - 19. Let j be w(-21). Let a(d) = 5690*d + 2 - j*d**2 + 3*d**2 - 5684*d. Give a(-6).
2
Suppose 4*j - 16 = 2*h, 5*h + 135 = 3*j + 130. Let k(s) be the second derivative of -25*s + 0 + 1/2*s**3 + 5/2*s**h. Calculate k(-4).
-7
Let i(c) = -10*c - 30. Let d(j) = 3*j - 7. Let p(z) = 2*d(z) + i(z). Calculate p(-13).
8
Let l(b) = 8*b - 18. Suppose -15*r + 19 = -26. Let s be l(r). Let x(q) = -8*q**2 + q**3 + 8*q - 2*q - 2 + 3*q. Determine x(s).
-20
Let i(y) be the second derivative of -y**5/20 + 7*y**4/4 + y**3/6 - 39*y**2/2 + 7*y + 148. Give i(21).
-18
Suppose -12*b = -67 - 17. Let l(a) = -8 + 13 + 4*a - b - a**2 - 2. Determine l(4).
-4
Let z(y) be the first derivative of y**4/12 - 5*y**3/3 - 8*y**2 + 36*y + 62. Let w(j) be the first derivative of z(j). Calculate w(11).
-5
Let h be 27 + -1 + 27/((-243)/(-9)). Let d(z) = z**2 - 28*z + 32. Give d(h).
5
Let d(w) = 5*w**2 + 8*w + 7. Let t(p) = -19*p**2 - 21*p - 22. Let j(u) = 7*d(u) + 2*t(u). Calculate j(5).
0
Let j = -6 + 6. Suppose 2*w - 5*l = 24 + 2, -2*w + l + 10 = j. Suppose -3*q - 5 = w*i + i, 3 = -i + q. Let t(z) = z**2 + 4*z + 3. What is t(i)?
-1
Let x(z) = 0 + 13 - 6*z**2 - 3 + 13*z**2 - 6*z**2 + 14*z. Let c be (-2)/(5*6/195). Give x(c).
-3
Suppose -4*z + w - 1 = 0, 4*z + 24 = -4*w + 8. Let x(t) = -t**3 - 32*t**2 - t - 31. Let b be x(-32). Let m(d) = -50*d + b - 30*d + 99*d. What is m(z)?
-18
Let c(b) be the first derivative of b**4/4 + 2*b**3 + 5*b**2/2 + 2*b - 1. Let o(s) = -27*s**2 + 159*s + 14. Let n be o(6). Calculate c(n).
14
Let o be (-1480)/(-259) - 27/(-21). Let y(d) = -d**2 + 4*d - 6. What is y(o)?
-27
Suppose 0 = -25*c - 102*c + 635. Let s(f) = -f**3 + 3*f**2 + 10*f - 9. Determine s(c).
-9
Let s be 192/48 + (-1 -